{"id":11778,"date":"2022-04-21T01:44:29","date_gmt":"2022-04-21T01:44:29","guid":{"rendered":"https:\/\/lineablancaselect.com\/?post_type=product&#038;p=11778"},"modified":"2025-10-08T22:00:24","modified_gmt":"2025-10-08T22:00:24","slug":"lavadora-carga-superior-maytag-20-kg-color-blanca-7mmvwc465jw","status":"publish","type":"product","link":"https:\/\/lineablancaselect.com\/index.php\/producto\/lavadora-carga-superior-maytag-20-kg-color-blanca-7mmvwc465jw\/","title":{"rendered":"Lavadora carga superior Maytag 20 kg color blanca 7MMVWC465JW"},"content":{"rendered":"<h1 class=\"a-product__information--title\">Lavadora carga superior Maytag 20 kg color blanca 7MMVWC465JW<\/h1>\n<p>La <b>lavadora Maytag<\/b> de 20 kg, carga superior con tapa met\u00e1lica, enfrenta las cargas m\u00e1s dif\u00edciles y brinda una limpieza poderosa gracias al exclusivo agitador, entreg\u00e1ndote un \u00f3ptimo nivel de agua o bien un lavado profundo.<\/p>\n<p><strong>COLOR:<\/strong><img loading=\"lazy\" decoding=\"async\" data-attachment-id=\"11369\" data-permalink=\"https:\/\/lineablancaselect.com\/?attachment_id=11369\" data-orig-file=\"https:\/\/lineablancaselect.com\/wp-content\/uploads\/2020\/12\/BLANCO-e1650481898852.png\" data-orig-size=\"36,36\" data-comments-opened=\"1\" data-image-meta=\"{&quot;aperture&quot;:&quot;0&quot;,&quot;credit&quot;:&quot;&quot;,&quot;camera&quot;:&quot;&quot;,&quot;caption&quot;:&quot;&quot;,&quot;created_timestamp&quot;:&quot;0&quot;,&quot;copyright&quot;:&quot;&quot;,&quot;focal_length&quot;:&quot;0&quot;,&quot;iso&quot;:&quot;0&quot;,&quot;shutter_speed&quot;:&quot;0&quot;,&quot;title&quot;:&quot;&quot;,&quot;orientation&quot;:&quot;0&quot;}\" data-image-title=\"BLANCO\" data-image-description=\"\" data-image-caption=\"\" data-medium-file=\"https:\/\/lineablancaselect.com\/wp-content\/uploads\/2020\/12\/BLANCO-e1650481898852.png\" data-large-file=\"https:\/\/lineablancaselect.com\/wp-content\/uploads\/2020\/12\/BLANCO-e1650481898852.png\" class=\"alignnone size-full wp-image-11369\" src=\"https:\/\/lineablancaselect.com\/wp-content\/uploads\/2020\/12\/BLANCO-e1650481898852.png\" alt=\"\" width=\"36\" height=\"36\" \/>BLANCO<\/p>\n<div class=\"a-section a-spacing-small a-text-left celwidget\" data-cel-widget=\"\">\n<div class=\"a-section a-spacing-small a-text-left celwidget\" data-cel-widget=\"\"><img loading=\"lazy\" decoding=\"async\" src=\"https:\/\/www.colchones-continental.com\/wp-content\/uploads\/secured-ssl._CB485936932_.png\" alt=\"\" width=\"16\" height=\"21\" \/><strong><span class=\"a-declarative\" data-action=\"a-popover\" data-a-popover=\"{\">Transacci\u00f3n Segura.<\/span><\/strong><\/div>\n<div data-cel-widget=\"\"><\/div>\n<div data-cel-widget=\"\"><img loading=\"lazy\" decoding=\"async\" data-attachment-id=\"11307\" data-permalink=\"https:\/\/lineablancaselect.com\/index.php\/home\/profeco\/\" data-orig-file=\"https:\/\/lineablancaselect.com\/wp-content\/uploads\/2022\/04\/PROFECO.jpg\" data-orig-size=\"739,215\" data-comments-opened=\"1\" data-image-meta=\"{&quot;aperture&quot;:&quot;0&quot;,&quot;credit&quot;:&quot;&quot;,&quot;camera&quot;:&quot;&quot;,&quot;caption&quot;:&quot;&quot;,&quot;created_timestamp&quot;:&quot;0&quot;,&quot;copyright&quot;:&quot;&quot;,&quot;focal_length&quot;:&quot;0&quot;,&quot;iso&quot;:&quot;0&quot;,&quot;shutter_speed&quot;:&quot;0&quot;,&quot;title&quot;:&quot;&quot;,&quot;orientation&quot;:&quot;0&quot;}\" data-image-title=\"PROFECO\" data-image-description=\"\" data-image-caption=\"\" data-medium-file=\"https:\/\/lineablancaselect.com\/wp-content\/uploads\/2022\/04\/PROFECO-300x87.jpg\" data-large-file=\"https:\/\/lineablancaselect.com\/wp-content\/uploads\/2022\/04\/PROFECO.jpg\" class=\"alignnone size-medium wp-image-11307\" src=\"https:\/\/lineablancaselect.com\/wp-content\/uploads\/2022\/04\/PROFECO-300x87.jpg\" alt=\"\" width=\"300\" height=\"87\" srcset=\"https:\/\/lineablancaselect.com\/wp-content\/uploads\/2022\/04\/PROFECO-300x87.jpg 300w, https:\/\/lineablancaselect.com\/wp-content\/uploads\/2022\/04\/PROFECO-200x58.jpg 200w, https:\/\/lineablancaselect.com\/wp-content\/uploads\/2022\/04\/PROFECO-400x116.jpg 400w, https:\/\/lineablancaselect.com\/wp-content\/uploads\/2022\/04\/PROFECO.jpg 739w\" sizes=\"auto, (max-width: 300px) 100vw, 300px\" \/><\/div>\n<div data-cel-widget=\"\"><\/div>\n<div data-cel-widget=\"\"><\/div>\n<div data-cel-widget=\"\">Vendido por <strong>LINEA BLANCA ROYAL<\/strong>.<\/div>\n<div data-cel-widget=\"\">Entregado por DHL<\/div>\n<div data-cel-widget=\"\"><\/div>\n<div data-cel-widget=\"\"><img loading=\"lazy\" decoding=\"async\" class=\"wp-image-8820 alignnone\" src=\"https:\/\/lineablancaselect.com\/wp-content\/uploads\/2020\/12\/ENVIO-300x113.png\" alt=\"\" width=\"313\" height=\"118\" \/><\/div>\n<\/div>\n","protected":false},"excerpt":{"rendered":"<div class=\"productDetailTab\">\n<p>La <b>lavadora Maytag<\/b> de 20 kg, carga superior con tapa met\u00e1lica, enfrenta las cargas m\u00e1s dif\u00edciles y brinda una limpieza poderosa gracias al exclusivo agitador, entreg\u00e1ndote un \u00f3ptimo nivel de agua o bien un lavado profundo. Cuenta con 12 ciclos de lavado, 5 temperaturas y 3 niveles de suciedad. Respaldada con 10 a\u00f1os de garant\u00eda en motor y canasta<\/p>\n<\/div>\n<div>\n<p class=\"tabsSpecsDetail\">Especificaciones<\/p>\n<div class=\"o-product__productSpecsList d-lg-block\">\n<div class=\"wrapper_table\">\n<table class=\"table a-product__paragraphProductSpecs table-border-detail\">\n<thead><\/thead>\n<tbody>\n<tr>\n<td><span class=\"productSpecsDetails_bold 0\">Marca<\/span><\/td>\n<td><span class=\"productSpecsDetails_light\">Maytag<\/span><\/td>\n<\/tr>\n<\/tbody>\n<tbody>\n<tr>\n<td><span class=\"productSpecsDetails_bold 0\">Modelo<\/span><\/td>\n<td><span class=\"productSpecsDetails_light\">7MMVWC465JW<\/span><\/td>\n<\/tr>\n<\/tbody>\n<tbody>\n<tr>\n<td><span class=\"productSpecsDetails_bold 0\">Color<\/span><\/td>\n<td><span class=\"productSpecsDetails_light\">Blanco<\/span><\/td>\n<\/tr>\n<\/tbody>\n<tbody>\n<tr>\n<td><span class=\"productSpecsDetails_bold 0\">Material<\/span><\/td>\n<td><span class=\"productSpecsDetails_light\">Metal<\/span><\/td>\n<\/tr>\n<\/tbody>\n<tbody>\n<tr>\n<td><span class=\"productSpecsDetails_bold 0\">Alto<\/span><\/td>\n<td><span class=\"productSpecsDetails_light\">107 cm aproximado<\/span><\/td>\n<\/tr>\n<\/tbody>\n<tbody>\n<tr>\n<td><span class=\"productSpecsDetails_bold 0\">Ancho<\/span><\/td>\n<td><span class=\"productSpecsDetails_light\">70 cm aproximado<\/span><\/td>\n<\/tr>\n<\/tbody>\n<tbody>\n<tr>\n<td><span class=\"productSpecsDetails_bold 0\">Profundidad<\/span><\/td>\n<td><span class=\"productSpecsDetails_light\">69 cm aproximado<\/span><\/td>\n<\/tr>\n<\/tbody>\n<tbody>\n<tr>\n<td><span class=\"productSpecsDetails_bold 0\">Peso<\/span><\/td>\n<td><span class=\"productSpecsDetails_light\">52 kg<\/span><\/td>\n<\/tr>\n<\/tbody>\n<tbody>\n<tr>\n<td><span class=\"productSpecsDetails_bold 0\">Ciclos<\/span><\/td>\n<td><span class=\"productSpecsDetails_light\">12 ciclos<\/span><\/td>\n<\/tr>\n<\/tbody>\n<tbody>\n<tr>\n<td><span class=\"productSpecsDetails_bold 0\">Consumo de Energ\u00eda<\/span><\/td>\n<td><span class=\"productSpecsDetails_light\">227 Kw\/a\u00f1o<\/span><\/td>\n<\/tr>\n<\/tbody>\n<tbody>\n<tr>\n<td><span class=\"productSpecsDetails_bold 0\">Niveles de Programaci\u00f3n<\/span><\/td>\n<td><span class=\"productSpecsDetails_light\">12<\/span><\/td>\n<\/tr>\n<\/tbody>\n<tbody>\n<tr>\n<td><span class=\"productSpecsDetails_bold 0\">Tecnolog\u00eda<\/span><\/td>\n<td><span class=\"productSpecsDetails_light\">HE PowerWash<\/span><\/td>\n<\/tr>\n<\/tbody>\n<tbody>\n<tr>\n<td><span class=\"productSpecsDetails_bold 0\">Incluye<\/span><\/td>\n<td><span class=\"productSpecsDetails_light\">Mangueras<\/span><\/td>\n<\/tr>\n<\/tbody>\n<tbody>\n<tr>\n<td><span class=\"productSpecsDetails_bold 0\">Capacidad<\/span><\/td>\n<td><span class=\"productSpecsDetails_light\">20 kg<\/span><\/td>\n<\/tr>\n<\/tbody>\n<tbody>\n<tr>\n<td><span class=\"productSpecsDetails_bold 0\">Carga<\/span><\/td>\n<td><span class=\"productSpecsDetails_light\">Superior<\/span><\/td>\n<\/tr>\n<\/tbody>\n<tbody>\n<tr>\n<td><span class=\"productSpecsDetails_bold 0\">Funcionamiento<\/span><\/td>\n<td><span class=\"productSpecsDetails_light\">Lavado<\/span><\/td>\n<\/tr>\n<\/tbody>\n<\/table>\n<table class=\"table mr-0 a-product__paragraphProductSpecs table-border-detail\">\n<thead><\/thead>\n<tbody>\n<tr>\n<td><span class=\"productSpecsDetails_bold 1\">Control Autom\u00e1tico de Temperatura<\/span><\/td>\n<td><span class=\"productSpecsDetails_light\">S\u00ed<\/span><\/td>\n<\/tr>\n<\/tbody>\n<tbody>\n<tr>\n<td><span class=\"productSpecsDetails_bold 1\">N\u00famero de Ajustes de Temperatura<\/span><\/td>\n<td><span class=\"productSpecsDetails_light\">5<\/span><\/td>\n<\/tr>\n<\/tbody>\n<tbody>\n<tr>\n<td><span class=\"productSpecsDetails_bold 1\">Potencia del Motor<\/span><\/td>\n<td><span class=\"productSpecsDetails_light\">Motor de 1\/4 HP<\/span><\/td>\n<\/tr>\n<\/tbody>\n<tbody>\n<tr>\n<td><span class=\"productSpecsDetails_bold 1\">Seguro para Ni\u00f1os<\/span><\/td>\n<td><span class=\"productSpecsDetails_light\">Bloqueo de Tapa<\/span><\/td>\n<\/tr>\n<\/tbody>\n<tbody>\n<tr>\n<td><span class=\"productSpecsDetails_bold 1\">Sensor de Llenado de Agua<\/span><\/td>\n<td><span class=\"productSpecsDetails_light\">S\u00ed<\/span><\/td>\n<\/tr>\n<\/tbody>\n<tbody>\n<tr>\n<td><span class=\"productSpecsDetails_bold 1\">Sensor de Tama\u00f1o de Carga<\/span><\/td>\n<td><span class=\"productSpecsDetails_light\">S\u00ed<\/span><\/td>\n<\/tr>\n<\/tbody>\n<tbody>\n<tr>\n<td><span class=\"productSpecsDetails_bold 1\">Tecnolog\u00eda de Lavado<\/span><\/td>\n<td><span class=\"productSpecsDetails_light\">Alta eficiencia HE, bajo consumo de agua<\/span><\/td>\n<\/tr>\n<\/tbody>\n<tbody>\n<tr>\n<td><span class=\"productSpecsDetails_bold 1\">Tipo de Ciclo<\/span><\/td>\n<td><span class=\"productSpecsDetails_light\">PowerWash<\/span><\/td>\n<\/tr>\n<\/tbody>\n<tbody>\n<tr>\n<td><span class=\"productSpecsDetails_bold 1\">Tipo de Lavado<\/span><\/td>\n<td><span class=\"productSpecsDetails_light\">1 enjuague extra<\/span><\/td>\n<\/tr>\n<\/tbody>\n<tbody>\n<tr>\n<td><span class=\"productSpecsDetails_bold 1\">Tipo de Lavadora<\/span><\/td>\n<td><span class=\"productSpecsDetails_light\">Carga Superior<\/span><\/td>\n<\/tr>\n<\/tbody>\n<tbody>\n<tr>\n<td><span class=\"productSpecsDetails_bold 1\">Tipo de Panel de Control<\/span><\/td>\n<td><span class=\"productSpecsDetails_light\">Perillas con luz LED Indicadora de la etapa del ciclo<\/span><\/td>\n<\/tr>\n<\/tbody>\n<tbody>\n<tr>\n<td><span class=\"productSpecsDetails_bold 1\">Tipo de Tina<\/span><\/td>\n<td><span class=\"productSpecsDetails_light\">100% acero inoxidable<\/span><\/td>\n<\/tr>\n<\/tbody>\n<tbody>\n<tr>\n<td><span class=\"productSpecsDetails_bold 1\">Certificaciones<\/span><\/td>\n<td><span class=\"productSpecsDetails_light\">Norma oficial mexicana<\/span><\/td>\n<\/tr>\n<\/tbody>\n<tbody>\n<tr>\n<td><span class=\"productSpecsDetails_bold 1\">Instrucciones de Uso y Cuidados<\/span><\/td>\n<td><span class=\"productSpecsDetails_light\">S\u00ed<\/span><\/td>\n<\/tr>\n<\/tbody>\n<tbody>\n<tr>\n<td><span class=\"productSpecsDetails_bold 1\">Otra Informaci\u00f3n<\/span><\/td>\n<td><span class=\"productSpecsDetails_light\">Lavado profundo con Autosensing<\/span><\/td>\n<\/tr>\n<\/tbody>\n<\/table>\n<\/div>\n<\/div>\n<\/div>\n","protected":false},"featured_media":11779,"comment_status":"open","ping_status":"closed","template":"","meta":{"site-sidebar-layout":"default","site-content-layout":"default","ast-global-header-display":"","ast-main-header-display":"","ast-hfb-above-header-display":"","ast-hfb-below-header-display":"","ast-hfb-mobile-header-display":"","site-post-title":"","ast-breadcrumbs-content":"","ast-featured-img":"","footer-sml-layout":"","theme-transparent-header-meta":"","adv-header-id-meta":"","stick-header-meta":"","header-above-stick-meta":"","header-main-stick-meta":"","header-below-stick-meta":"","_joinchat":[]},"product_brand":[],"product_cat":[197,230],"product_tag":[],"class_list":{"0":"post-11778","1":"product","2":"type-product","3":"status-publish","4":"has-post-thumbnail","6":"product_cat-lavadoras","7":"product_cat-maytag-lavadoras","8":"desktop-align-left","9":"tablet-align-left","10":"mobile-align-left","12":"first","13":"instock","14":"sale","15":"shipping-taxable","16":"purchasable","17":"product-type-simple"},"jetpack_sharing_enabled":true,"_links":{"self":[{"href":"https:\/\/lineablancaselect.com\/index.php\/wp-json\/wp\/v2\/product\/11778","targetHints":{"allow":["GET"]}}],"collection":[{"href":"https:\/\/lineablancaselect.com\/index.php\/wp-json\/wp\/v2\/product"}],"about":[{"href":"https:\/\/lineablancaselect.com\/index.php\/wp-json\/wp\/v2\/types\/product"}],"replies":[{"embeddable":true,"href":"https:\/\/lineablancaselect.com\/index.php\/wp-json\/wp\/v2\/comments?post=11778"}],"wp:featuredmedia":[{"embeddable":true,"href":"https:\/\/lineablancaselect.com\/index.php\/wp-json\/wp\/v2\/media\/11779"}],"wp:attachment":[{"href":"https:\/\/lineablancaselect.com\/index.php\/wp-json\/wp\/v2\/media?parent=11778"}],"wp:term":[{"taxonomy":"product_brand","embeddable":true,"href":"https:\/\/lineablancaselect.com\/index.php\/wp-json\/wp\/v2\/product_brand?post=11778"},{"taxonomy":"product_cat","embeddable":true,"href":"https:\/\/lineablancaselect.com\/index.php\/wp-json\/wp\/v2\/product_cat?post=11778"},{"taxonomy":"product_tag","embeddable":true,"href":"https:\/\/lineablancaselect.com\/index.php\/wp-json\/wp\/v2\/product_tag?post=11778"}],"curies":[{"name":"wp","href":"https:\/\/api.w.org\/{rel}","templated":true}]}}