{"id":12451,"date":"2022-04-22T22:50:05","date_gmt":"2022-04-22T22:50:05","guid":{"rendered":"https:\/\/lineablancaselect.com\/?post_type=product&#038;p=12451"},"modified":"2022-04-27T12:54:30","modified_gmt":"2022-04-27T12:54:30","slug":"plancha-easy-steam-t-fal","status":"publish","type":"product","link":"https:\/\/lineablancaselect.com\/index.php\/producto\/plancha-easy-steam-t-fal\/","title":{"rendered":"Plancha Easy Steam T-Fal"},"content":{"rendered":"<div class=\"a-section a-spacing-small a-text-left celwidget\" data-cel-widget=\"\">\n<h1 class=\"product-details-name name\">Plancha Easy Steam T-Fal<\/h1>\n<div class=\"name\">\n<div class=\"rating\">\n<div class=\"rating-stars pull-left js-ratingCalc \" data-rating=\"{&quot;rating&quot;:&quot;&quot;,&quot;total&quot;:5}\">\n<div class=\"greyStars\">\n<h5>Caracter\u00edsticas\u00a0importantes<\/h5>\n<ul>\n<li>Punta de precisi\u00f3n para acceder a \u00e1reas dif\u00edciles de alcanzar<\/li>\n<li>Vapor vertical para prendas delicadas y grandes, adem\u00e1s de trajes y cortinas.<\/li>\n<li>Tecnolog\u00eda Anti-calc que garantiza un rendimiento de vapor duradero<\/li>\n<\/ul>\n<p><strong style=\"font-size: 1rem;\"><span class=\"a-declarative\" data-action=\"a-popover\" data-a-popover=\"{\">Transacci\u00f3n Segura.<\/span><\/strong><\/p>\n<\/div>\n<\/div>\n<\/div>\n<\/div>\n<\/div>\n<div data-cel-widget=\"\"><\/div>\n<div data-cel-widget=\"\"><img loading=\"lazy\" decoding=\"async\" class=\"alignnone size-medium wp-image-11307\" src=\"https:\/\/lineablancaselect.com\/wp-content\/uploads\/2022\/04\/PROFECO-300x87.jpg\" alt=\"\" width=\"300\" height=\"87\" srcset=\"https:\/\/lineablancaselect.com\/wp-content\/uploads\/2022\/04\/PROFECO-300x87.jpg 300w, https:\/\/lineablancaselect.com\/wp-content\/uploads\/2022\/04\/PROFECO-200x58.jpg 200w, https:\/\/lineablancaselect.com\/wp-content\/uploads\/2022\/04\/PROFECO-400x116.jpg 400w, https:\/\/lineablancaselect.com\/wp-content\/uploads\/2022\/04\/PROFECO.jpg 739w\" sizes=\"auto, (max-width: 300px) 100vw, 300px\" \/><\/div>\n<div data-cel-widget=\"\"><\/div>\n<div data-cel-widget=\"\"><\/div>\n<div data-cel-widget=\"\">Vendido por <strong>LINEA BLANCA ROYAL<\/strong>.<\/div>\n<div data-cel-widget=\"\">Entregado por DHL<\/div>\n<div data-cel-widget=\"\"><\/div>\n<div data-cel-widget=\"\"><img loading=\"lazy\" decoding=\"async\" class=\"wp-image-8820 alignnone\" src=\"https:\/\/lineablancaselect.com\/wp-content\/uploads\/2020\/12\/ENVIO-300x113.png\" alt=\"\" width=\"313\" height=\"118\" \/><\/div>\n","protected":false},"excerpt":{"rendered":"<div id=\"page-content \" class=\"row webapp__body\">\n<div class=\"body-container\">\n<div id=\"productTabs\" class=\"tabs js-tabs tabs-responsive\">\n<div class=\"content\">\n<div class=\"tabbody\">\n<div class=\"container-lg\">\n<div class=\"row\">\n<div class=\"col-md-6 col-lg-4\">\n<div class=\"tab-container\">\n<div class=\"tab-details\">\n<div id=\"page-content \" class=\"row webapp__body\">\n<div class=\"body-container\">\n<div id=\"productTabs\" class=\"tabs js-tabs tabs-responsive\">\n<div class=\"content\">\n<div class=\"tabbody\">\n<div class=\"container-lg\">\n<div class=\"row\">\n<div class=\"col-md-6 col-lg-4\">\n<div class=\"tab-container\">\n<div class=\"tab-details\">\n<p>Las planchas de T-fal Easy Steam ofrecen un planchado f\u00e1cil d\u00eda tras d\u00eda gracias a su potente golpe de vapor. La suela XL Duraglide proporciona una mayor superficie, haciendo las sesiones m\u00e1s eficientes. Mientras que, su punta de precisi\u00f3n te ayudar\u00e1 a acceder a \u00e1reas dif\u00edciles de alcanzar. Adem\u00e1s, cuentan con Tecnolog\u00eda Anti-calc que hacen que la limpieza de tus planchas sea extremadamente f\u00e1cil.<\/p>\n<\/div>\n<\/div>\n<\/div>\n<\/div>\n<\/div>\n<\/div>\n<\/div>\n<\/div>\n<\/div>\n<\/div>\n<\/div>\n<\/div>\n<\/div>\n<\/div>\n<\/div>\n<\/div>\n<\/div>\n<\/div>\n<\/div>\n<\/div>\n","protected":false},"featured_media":12452,"comment_status":"open","ping_status":"closed","template":"","meta":{"site-sidebar-layout":"default","site-content-layout":"default","ast-global-header-display":"","ast-main-header-display":"","ast-hfb-above-header-display":"","ast-hfb-below-header-display":"","ast-hfb-mobile-header-display":"","site-post-title":"","ast-breadcrumbs-content":"","ast-featured-img":"","footer-sml-layout":"","theme-transparent-header-meta":"","adv-header-id-meta":"","stick-header-meta":"","header-above-stick-meta":"","header-main-stick-meta":"","header-below-stick-meta":""},"product_brand":[],"product_cat":[201,259],"product_tag":[],"class_list":{"0":"post-12451","1":"product","2":"type-product","3":"status-publish","4":"has-post-thumbnail","6":"product_cat-electrodomesticos","7":"product_cat-planchas","8":"desktop-align-left","9":"tablet-align-left","10":"mobile-align-left","12":"first","13":"instock","14":"sale","15":"shipping-taxable","16":"purchasable","17":"product-type-simple"},"_links":{"self":[{"href":"https:\/\/lineablancaselect.com\/index.php\/wp-json\/wp\/v2\/product\/12451","targetHints":{"allow":["GET"]}}],"collection":[{"href":"https:\/\/lineablancaselect.com\/index.php\/wp-json\/wp\/v2\/product"}],"about":[{"href":"https:\/\/lineablancaselect.com\/index.php\/wp-json\/wp\/v2\/types\/product"}],"replies":[{"embeddable":true,"href":"https:\/\/lineablancaselect.com\/index.php\/wp-json\/wp\/v2\/comments?post=12451"}],"wp:featuredmedia":[{"embeddable":true,"href":"https:\/\/lineablancaselect.com\/index.php\/wp-json\/wp\/v2\/media\/12452"}],"wp:attachment":[{"href":"https:\/\/lineablancaselect.com\/index.php\/wp-json\/wp\/v2\/media?parent=12451"}],"wp:term":[{"taxonomy":"product_brand","embeddable":true,"href":"https:\/\/lineablancaselect.com\/index.php\/wp-json\/wp\/v2\/product_brand?post=12451"},{"taxonomy":"product_cat","embeddable":true,"href":"https:\/\/lineablancaselect.com\/index.php\/wp-json\/wp\/v2\/product_cat?post=12451"},{"taxonomy":"product_tag","embeddable":true,"href":"https:\/\/lineablancaselect.com\/index.php\/wp-json\/wp\/v2\/product_tag?post=12451"}],"curies":[{"name":"wp","href":"https:\/\/api.w.org\/{rel}","templated":true}]}}